6b
In base 12, what is -166 - -108?
-5a
In base 10, what is 4163069 + -93?
4162976
In base 15, what is c308b8 - -3?
c308bb
In base 11, what is -16718 - -240?
-16488
In base 7, what is -12 + -4365051?
-4365063
In base 5, what is -10 + 201214341?
201214331
In base 16, what is f0 + -cf068?
-cef78
In base 10, what is 2 + 66872343?
66872345
In base 10, what is -11285 + 200?
-11085
In base 14, what is 2972b588 - -4?
2972b58c
In base 11, what is 0 - -1801a7?
1801a7
In base 7, what is -120566 - 6223?
-130122
In base 12, what is -91b027 - 445?
-91b470
In base 15, what is -11b3 - -5e?
-1154
In base 13, what is -19 - 4b0c82?
-4b0c9b
In base 5, what is -2 + -103012232113?
-103012232120
In base 4, what is -2 - -3231331233?
3231331231
In base 6, what is 123155 + -4401?
114354
In base 5, what is -13242 + 220201?
201404
In base 7, what is 2113664 - 1015?
2112646
In base 7, what is 0 + -60511523?
-60511523
In base 9, what is -1053 - -31316?
30253
In base 4, what is 11122232 + -1212120?
3310112
In base 6, what is -41 - -111525020?
111524535
In base 2, what is 10100110100000001011011011 + 10?
10100110100000001011011101
In base 11, what is 56 - -491035?
491090
In base 6, what is -323454412 - 121?
-323454533
In base 10, what is 44 - -72967?
73011
In base 6, what is 130551011 - 404?
130550203
In base 8, what is 22361 - 1321?
21040
In base 12, what is 3 - 654b27?
-654b24
In base 7, what is 325 - -3565?
4223
In base 3, what is -1100220000 - -1201021?
-1022011202
In base 4, what is 102320302 - 1110021?
101210221
In base 14, what is -125941c - -6?
-1259416
In base 12, what is 2481 - -6b49?
940a
In base 12, what is -643236 + 0?
-643236
In base 7, what is -246100533 - -2?
-246100531
In base 5, what is 0 + -102101002220?
-102101002220
In base 6, what is -45021 - -2224?
-42353
In base 16, what is -ce6e + f?
-ce5f
In base 4, what is 22 + -22000130331?
-22000130303
In base 14, what is 50 + 358c9?
35939
In base 3, what is 11210201 + -221110021?
-202122120
In base 9, what is -247 - -7224345?
7224087
In base 10, what is -19 + -514492?
-514511
In base 11, what is -2a6586859 + -3?
-2a6586861
In base 15, what is -10 - -30970?
30960
In base 12, what is 13 - 272366?
-272353
In base 6, what is 134 - 114344?
-114210
In base 11, what is -37 - -80529?
804a2
In base 7, what is 364365 + -116?
364246
In base 11, what is -1967 - -12658?
107a1
In base 12, what is -24b2a8 + -14?
-24b300
In base 10, what is 140059002 - -1?
140059003
In base 5, what is -310 + -133043?
-133403
In base 8, what is -451 + -643741?
-644412
In base 14, what is -16a57 - -98?
-1699d
In base 16, what is -1 - 233417?
-233418
In base 2, what is -1110001100001000001 - -11110?
-1110001100000100011
In base 15, what is 19 - 1b26d1?
-1b26b7
In base 3, what is -222101020112 + 1?
-222101020111
In base 4, what is 2200122033232 - -100?
2200122033332
In base 11, what is -230238 - 1548?
-231785
In base 2, what is -10010000000111111 + 111110?
-10010000000000001
In base 10, what is 9944 + -71244?
-61300
In base 16, what is 5 + -575472?
-57546d
In base 14, what is 22986a - 21?
229849
In base 15, what is -16 - -81de44?
81de2d
In base 14, what is -90c4 + -9d6?
-9aba
In base 7, what is -461326160 - -1?
-461326156
In base 8, what is 56302 - 326?
55754
In base 4, what is -203 + -11101300332?
-11101301201
In base 16, what is 1 - -11c56a?
11c56b
In base 15, what is 14 - -18033?
18047
In base 12, what is -3 - aa172a?
-aa1731
In base 10, what is 361593 + -786?
360807
In base 8, what is -3304363 + 63?
-3304300
In base 10, what is -1981 - -11526?
9545
In base 2, what is -101 + -110101110111010001100000?
-110101110111010001100101
In base 14, what is -1837b5 - -22?
-183793
In base 16, what is 68 - -63b58?
63bc0
In base 7, what is 245 + -402530?
-402252
In base 4, what is 1300311102 - -2202?
1300313310
In base 13, what is -2 - -215815a?
2158158
In base 8, what is -13 - 2653425?
-2653440
In base 8, what is 732645 + -1061?
731564
In base 16, what is -ab3 - -265e?
1bab
In base 3, what is 1122112 + 1200211?
10100100
In base 10, what is -5232 + 2039?
-3193
In base 3, what is 2020211 - -122201222?
201222210
In base 15, what is -a6047c + 5?
-a60477
In base 14, what is 1966a + -36bb?
15d8d
In base 16, what is 1 + -2366476?
-2366475
In base 7, what is 43532 - 402231?
-325366
In base 11, what is 4 + -2204259?
-2204255
In base 3, what is 210110110 - -1220212020?
2201022200
In base 14, what is 5693 + -120b?
4486
In base 13, what is -16c50c - -b?
-16c501
In base 8, what is 1416773 + 1156?
1420151
In base 5, what is -4123042203 + 3?
-4123042200
In base 15, what is -22a2e5 + 2?
-22a2e3
In base 9, what is -27032 - 786?
-27828
In base 9, what is 3786278728 + 5?
3786278734
In base 5, what is -30122133420 + -4?
-30122133424
In base 13, what is -6939 - b89?
-77c5
In base 3, what is 12021 - 10220202101122?
-10220202012101
In base 13, what is -206305 - 4b?
-206353
In base 8, what is -1207424 + -1302?
-1210726
In base 3, what is 1112110211010 - 12?
1112110210221
In base 2, what is -1011101001 - -1100100110101?
1011001001100
In base 6, what is 2 + -340350221?
-340350215
In base 9, what is -5 - -35262437?
35262432
In base 15, what is 8652c38 + 3?
8652c3b
In base 8, what is 4377620 - 51?
4377547
In base 13, what is a64 + -aa0?
-39
In base 6, what is 11053541 + -122?
11053415
In base 5, what is 2043203 + -10204?
2032444
In base 9, what is 120006 - -205?
120212
In base 8, what is -1210 + 44036?
42626
In base 6, what is 4431 + -3245131?
-3240300
In base 16, what is -d8 - c9a3?
-ca7b
In base 2, what is -110100110011011100001 - -11010100?
-110100110011000001101
In base 15, what is -1beab5 + -7?
-1beabc
In base 12, what is 5 + 2897ba?
289803
In base 9, what is -1 - -43784657?
43784656
In base 10, what is 8 - -13647318?
13647326
In base 4, what is 2 - -13121213113?
13121213121
In base 2, what is -10101110010 + -1110000100110111?
-1110011010101001
In base 16, what is -1ebc - -bc?
-1e00
In base 10, what is 283 - 68050?
-67767
In base 7, what is -200244226 + -24?
-200244253
In base 11, what is -39 - -2055661?
2055623
In base 13, what is 58114 - -540?
58654
In base 12, what is 9739 - 8b6?
8a43
In base 15, what is 0 - 59619be?
-59619be
In base 16, what is -3 + -17e76c8?
-17e76cb
In base 14, what is -a + 1b4c22?
1b4c16
In base 8, what is 1470666346 + 1?
1470666347
In base 13, what is 3 + -287547b?
-2875478
In base 7, what is 12461 + -1150100?
-1134306
In base 16, what is -14df75a6 + -1?
-14df75a7
In base 12, what is -70029128 + -3?
-7002912b
In base 13, what is 8 - 13753a?
-137532
In base 16, what is -14f9 - 11d?
-1616
In base 14, what is -7929c8 - -1?
-7929c7
In base 14, what is -13962 + -132?
-13a94
In base 7, what is -1 - -2434140233?
2434140232
In base 12, what is -89082 - 0?
-89082
In base 4, what is -20002030 + 11302100?
-2033330
In base 2, what is 1000111101010110001010 + 10?
1000111101010110001100
In base 11, what is -117758211 - -5?
-117758207
In base 15, what is 1e70 + 470?
23e0
In base 3, what is -1120022121 - 22001?
-1120121122
In base 5, what is 4401130 - -22203?
4423333
In base 5, what is 2044033300 + 22?
2044033322
In base 9, what is -686 - 1725534?
-1726331
In base 13, what is 4 + 4aa8915?
4aa8919
In base 5, what is -3114240123 - 2?
-3114240130
In base 7, what is 53246 + -1030?
52216
In base 4, what is 13311002 + 22232?
13333300
In base 12, what is 86127a4 + -8?
8612798
In base 11, what is 2318a3a - -2?
2318a41
In base 10, what is 141 + 70607?
70748
In base 12, what is -648aa16 + -9?
-648aa23
In base 12, what is -24 - -1b80b7?
1b8093
In base 15, what is -4 + 4ddbc08?
4ddbc04
In base 6, what is -20141 - 31530?
-52111
In base 11, what is -96 + -34a41?
-35027
In base 3, what is -1010 + -11111020200120?
-11111020201200
In base 2, what is 101 - -1110110000011001101101001001?
1110110000011001101101001110
In base 16, what is -c1ef - -1e?
-c1d1
In base 4, what is -23021 + 2200021?
2111000
In base 4, what is 23 - 103221320001?
-103221313312
In base 4, what is -2 - -13300103101?
13300103033
In base 15, what is 3a50e + -8?
3a506
In base 6, what is 1032301 - -1114?
1033415
In base 16, what is -fae - 218?
-11c6
In base 16, what is 25 - 80c34?
-80c0f
In base 9, what is 60523 - -53?
60576
In base 7, what is 3045631 - -124?
3046055
In base 12, what is -5 + -18ba09?
-18ba12
In base 1